= -3*s + 35. List the prime factors of s.
17
List the prime factors of (3/6)/((-14)/(-12) - 1).
3
Let q be 5 + (-5 - -3) - -1. Suppose -q*y - 80 = -m - 2*m, -2*y = 2*m - 30. List the prime factors of m.
2, 5
Suppose 4*u - 5*w + 44 = 0, 3*u + 3*w = u. Let t(v) = -v**3 - 5*v**2 - 6. List the prime factors of t(u).
2, 3, 5
Suppose 2*s - 7*s = -560. List the prime factors of s.
2, 7
Let a(i) = 18*i**2 - 1. What are the prime factors of a(-2)?
71
Let k be 0 + 1 - 0/(-1). Let i be 3/2*10/k. Let h = i + -10. What are the prime factors of h?
5
Let b(o) = o**2 - 6*o - 5. Let l be b(7). Suppose 79 = 5*v + l*r, 85 = 5*v + 4*r + r. What are the prime factors of v?
3, 5
List the prime factors of 47 - 4*4/4.
43
Let g(z) = z**2 - 4*z + 5. Let l be g(4). Let r(h) = h**3 - 5*h**2 + 3*h - 4. List the prime factors of r(l).
11
Let j(w) = 7*w. Let t be j(1). Let o = -1 - t. Let g = o + 16. List the prime factors of g.
2
Let n(u) = 15*u + 2. List the prime factors of n(2).
2
Suppose -b + 36 = b. List the prime factors of b.
2, 3
Suppose -5*q + 1 = -4. Let n = q + -1. Suppose n = -2*z - 3*z + 60. List the prime factors of z.
2, 3
Let w be -1 + 1*(-1 - -3). Let d = w - -3. Suppose d = -a + 3*a. List the prime factors of a.
2
Suppose -r = r - 3*x - 20, 0 = 4*x + 16. Suppose v - r*v + 9 = -4*k, -5*k = 4*v - 12. What are the prime factors of v?
3
Let n = -12 - -83. Let o = -40 + n. List the prime factors of o.
31
Suppose -12*h + 488 + 244 = 0. What are the prime factors of h?
61
Let c(i) = -2*i - 9. Let g(j) = -1. Let n(d) = c(d) - 4*g(d). What are the prime factors of n(-6)?
7
Let m(y) be the second derivative of y**3/6 + 2*y. What are the prime factors of m(5)?
5
Suppose 0 = -11*f + 6*f. Suppose -206 = -2*o - f*o. Suppose 2*h - o = -5*q, 0 = -4*q + 4*h + 34 + 26. List the prime factors of q.
19
Let t be (0 + 4/10)*40. What are the prime factors of (-12)/t*(-7 - 1)?
2, 3
Let b be 0/(1/(0 + -1)). Suppose b = -4*t + 5*t + 3. List the prime factors of (22/3)/((-2)/t).
11
Let m = 217 - 177. List the prime factors of m.
2, 5
Let v(p) = -p**2 + 4*p + 3. Let g be v(6). Let f(d) = d**2 + 5*d - 11. List the prime factors of f(g).
5
Suppose 3*a - 2*a + 8 = 0. Let b be (-6)/21 - (-164)/(-14). Let z = a - b. What are the prime factors of z?
2
Let v(u) = u**3 + 8*u**2 - u. Let k be v(-8). Let q(t) = 2*t**2 - 10*t - 14. What are the prime factors of q(k)?
2, 17
Suppose 0 = h - 2*p - 38, -h = -p + 2*p - 38. Let o = 90 - h. What are the prime factors of o?
2, 13
Suppose -3*g - 2 = 4. Suppose 3*i = -2 + 38. Let q = i + g. List the prime factors of q.
2, 5
Suppose -59 - 22 = 3*r. Let z = -4 - r. What are the prime factors of z?
23
Suppose 2*c = -c - 2*l + 31, -2*c + 4*l = 6. List the prime factors of c.
7
Let r = 24 + -40. Let u = r + 42. List the prime factors of u.
2, 13
List the prime factors of -111*2/(-3) + 2.
2, 19
Let v be ((-9)/1)/((-1)/(-3)). Let r = -15 - v. List the prime factors of r.
2, 3
Suppose 95 = 5*p - 5*q, -2*q = 4*p - 83 - 5. List the prime factors of p.
3, 7
Suppose -178 - 120 = -2*d. What are the prime factors of d?
149
Suppose n - 70 = 2*q, q - 4*q = -5*n + 378. List the prime factors of n.
2, 3, 13
List the prime factors of 4*(4 + -5) + 2*121.
2, 7, 17
Let u(k) = k**2 - 2*k + 3. Let x be u(4). Let h be 2/1*x/(-2). List the prime factors of 2 - (-1 + (h - -2)).
2, 3
Let z(x) be the third derivative of x**6/180 - x**4/24 + 2*x**2. Let o(k) be the second derivative of z(k). List the prime factors of o(3).
2, 3
Let h be 4/28 - (0 + 102/(-21)). Let w(t) be the second derivative of -t**4/12 + 4*t**3/3 + t**2/2 - t. What are the prime factors of w(h)?
2
Suppose 2*l - l + 2 = 0. Let q(f) = 2*f**3 - 3*f**2 - 3*f. Let r be q(-2). List the prime factors of 1/(l*1)*r.
11
Let k(i) be the second derivative of 3*i**4/4 + i**3/2 + i**2 + 3*i. List the prime factors of k(-2).
2
Suppose 5*j - 4*x + 2*x = 14, x = -2*j + 2. Suppose j*r + 31 = 85. List the prime factors of r.
3
Suppose -m + h + 6 = -1, 4*m - 44 = -4*h. Suppose -m*i + 4*i = -45. List the prime factors of i.
3
Suppose 4*j = -1 + 9. Suppose 0 = n + j - 5. List the prime factors of n.
3
Let c(u) = u + 11. Let b be c(-5). What are the prime factors of (b/4)/(6/92)?
23
Let m(r) = -2*r + 4. Let a be m(-18). Suppose p + 0*p = 5*t - 50, -p + a = 4*t. What are the prime factors of t?
2, 5
Let x = -111 + 219. What are the prime factors of x?
2, 3
Let p = 37 - 17. What are the prime factors of p?
2, 5
Let d = 299 + -129. What are the prime factors of d?
2, 5, 17
Let v be -2 + 5 - (3 + -6). Suppose -5*h + 2*h = -v. List the prime factors of h.
2
Let d(s) = 2*s**3 - 3*s**2 - s + 2. Let j be d(2). Suppose 0 = t + j*l - 32, l - 1 + 18 = t. List the prime factors of t.
2, 5
Let l be 3*(-1)/(6/(-10)). Let x = 93 + -54. Suppose -f - l*j = -0*f + 9, -5*f - 4*j + x = 0. What are the prime factors of f?
11
Suppose 2*i = -2*d + 12, 4*d - 21 = -2*i - i. Suppose 126 - 3 = d*b. List the prime factors of b.
41
Let g = 399 + -228. What are the prime factors of g?
3, 19
Let m(y) = 13 + 0*y + y + 2*y + 7*y + y**3 - 12*y**2. Let p be m(11). Suppose -p*g + 14 = -0*g. List the prime factors of g.
7
Suppose -298*g + 293*g + 325 = 0. What are the prime factors of g?
5, 13
Let p be 82/7 + 6/21. Suppose 0 = u - 3*u + p. What are the prime factors of u + 1/(-1) + 1?
2, 3
Let r(d) = d**2 + 5*d + 19. What are the prime factors of r(7)?
103
Let v(z) = 5*z - 2. Let j be v(4). Suppose -2*i + j = -38. List the prime factors of i.
2, 7
Suppose -5*v = -4*u - 68, -2*v + 34 = -6*u + u. Suppose 153 + v = 5*g. Let p = g + -12. What are the prime factors of p?
3, 7
Let x(w) = 2*w**2 + 2*w - 1. Let g = -5 + 3. Let p be x(g). Suppose 1 = -p*o + 7. List the prime factors of o.
2
Suppose 3*n + 12 = 0, -101 = -4*s - 5*n + 11. List the prime factors of s.
3, 11
Let w be 10/4*8/5. Suppose -2*a - 2*o = w, 3*a + 4*o = 7*a - 8. Suppose l + 4*f + 6 = a, -8 = 3*f + 1. What are the prime factors of l?
2, 3
Let j = 55 - 0. List the prime factors of j.
5, 11
Suppose -o = -5*z + 70, -4*o = 5*z - 0*z - 70. Suppose -2*a = -4*q + z, 3*a + 2*q + 6 - 1 = 0. Let m = a - -7. List the prime factors of m.
2
Suppose -5*o + w + 16 = 0, 2*o + 2*w = -7 + 23. Suppose o*a + 54 = 2*y, y = 4*y + 2*a - 73. What are the prime factors of y?
5
Suppose 4*b - 3*u - 728 = -5*u, 0 = -2*b - 5*u + 348. What are the prime factors of b?
2, 23
Let l = 8 - 5. Suppose w = 6*t - l*t - 1, -2*w + 18 = 4*t. Suppose 3*f - 34 = 2*m, -f - 5*m - 7 = -t*m. What are the prime factors of f?
2
Suppose 0 = 13*o - 17*o + 300. What are the prime factors of o?
3, 5
Let l = -108 - -201. Suppose j + l = 4*j. Suppose -3*s - 5*k = -j, 55 - 12 = 5*s + 4*k. List the prime factors of s.
7
Suppose -4*m = -2*r - 67 + 321, 0 = 3*r - m - 356. List the prime factors of r.
3, 13
Let h(i) = -i**3 - 8*i**2 - 6. Let d(a) = 4*a**3 + 25*a**2 + 19. Let t(b) = -2*d(b) - 7*h(b). Suppose -5*y = -10*y + 30. What are the prime factors of t(y)?
2
Suppose -8*j + 4*j = -24. Suppose w - 12 = j. List the prime factors of w.
2, 3
Let g = -1 + 1. Let n = g + 2. List the prime factors of -3 + 1/(n/18).
2, 3
Suppose -11 = g + r, -2*g + 13 = -4*r - r. Let d be (-294)/(-10) + g/(-10). Suppose -2*h - h = -d. What are the prime factors of h?
2, 5
Let q be (-456)/(-28) - (-2)/(-7). Suppose -4*i = -q, -76 = -4*j - 5*i + 2*i. What are the prime factors of j?
2
Let c = -6 - 6. Let m = 89 + -46. What are the prime factors of 9/c + m/4?
2, 5
Let s(w) = -w**2 + w. Let v be s(1). Suppose v = -3*m - u + 15, 0 = -3*m - m + 4*u + 36. List the prime factors of m.
2, 3
Suppose 0 = -y - 18 + 74. List the prime factors of y.
2, 7
Let h(f) = -5 + 3 + 0 + 5*f - f**2. List the prime factors of h(3).
2
Let j(o) = o**2 - 8*o - 22. What are the prime factors of j(17)?
131
Suppose 0*z - 2*z + 2 = 4*s, -5*z - 2*s = -13. What are the prime factors of z*(-1 + (6 - -2))?
3, 7
Let j be 0/((-2 - 0)/(-2)). Suppose 4*i = i - 21. Let p = j - i. What are the prime factors of p?
7
Suppose 0 = -4*h + 126 + 562. What are the prime factors of h?
2, 43
Let g be -1 - (2 - 2) - -1. Suppose 5*x - 52 - 8 = g. Let h = 22 - x. List the prime factors of h.
2, 5
Let q be 3 + 26 + (-10)/(-5). Suppose -11 - q = -6*n. List the prime factors of n.
7
Let w = 92 + -64. List the prime factors of (-4)/14 + 540/w